{"id":6427,"date":"2016-03-02T14:42:05","date_gmt":"2016-03-02T13:42:05","guid":{"rendered":"http:\/\/www.gwr.co.at\/?page_id=6427&#038;lang=en"},"modified":"2016-05-04T18:33:25","modified_gmt":"2016-05-04T16:33:25","slug":"arbeitsweise","status":"publish","type":"page","link":"https:\/\/www.gwr.co.at\/?page_id=6427","title":{"rendered":"Arbeitsweise"},"content":{"rendered":"<p>[vc_row section_id=&#8220;erstgespraech&#8220; padding_top=&#8220;60&#8243; padding_bottom=&#8220;60&#8243; margin_bottom=&#8220;0&#8243;][vc_column width=&#8220;1\/3&#8243;]<div class=\"eut-element eut-image eut-align-left\" style=\"\">  <img loading=\"lazy\" decoding=\"async\" alt=\"\" src=\"https:\/\/www.gwr.co.at\/wp-content\/uploads\/2016\/05\/H6B2486.jpg\" width=\"1920\" height=\"1280\"><\/div>[\/vc_column][vc_column width=&#8220;2\/3&#8243;]<div class=\"eut-element eut-hr \" style=\"padding-top: 0px;padding-bottom: 0px;\"><div class=\"eut-line-divider\"><\/div><\/div>[vc_tta_accordion c_icon=&#8220;chevron&#8220; active_section=&#8220;1&#8243;][vc_tta_section title=&#8220;Das anwaltliche Erstgespr\u00e4ch&#8220; tab_id=&#8220;1435940384218-f027f285-d537&#8243;][vc_column_text]<\/p>\n<p style=\"text-align: justify;\">Im anwaltlichen Erstgespr\u00e4ch werden in den allermeisten F\u00e4llen bereits die entscheidenden Weichen f\u00fcr den Erfolg unserer Mandanten gestellt. Zurecht erwartet jeder Mandant von Beginn an:<\/p>\n<p>[\/vc_column_text]<div class=\"eut-element eut-list eut-list-check \" style=\"\"><ul>\n<li>eine m\u00f6glichst exakte Einsch\u00e4tzung seiner Position,<\/li>\n<li>eine m\u00f6glichst exakte Absch\u00e4tzung der zur Rechtsdurchsetzung notwendigen Schritte,<\/li>\n<li>eine Aufkl\u00e4rung \u00fcber m\u00f6gliche Handlungsalternativen und substanzielle Grundlagen f\u00fcr eine wohl begr\u00fcndete Entscheidung<\/li>\n<li>eine klare Vereinbarung \u00fcber das Mandatsverh\u00e4ltnis &#8211; nicht zuletzt eine klare Regelung des Honorars<\/li>\n<\/ul>\n<\/div>[vc_column_text]<\/p>\n<p style=\"text-align: justify;\">Wir respektieren die zeitlichen und finanziellen Ressourcen unserer Mandanten und bereiten das Erstgespr\u00e4ch daher immer optimal vor. Bei der ersten Kontaktaufnahme per E-Mail oder Telefon nehmen wir den wesentlichen Sachverhalt mit dem Mandanten auf und besprechen, welche Unterlagen und Informationen im Idealfall bereits vor dem Termin \u00fcbermittelt werden sollen. F\u00fcr das Erstgespr\u00e4ch nehmen wir uns umgehend (aber auch gen\u00fcgend) Zeit, damit am Ende des Gespr\u00e4chs keine Unklarheiten \u00fcbrigbleiben und unsere Mandanten mit dem sicheren Gef\u00fchl unsere Kanzlei verlassen, bestm\u00f6glich vertreten zu sein.<\/p>\n<p>[\/vc_column_text]<div class=\"eut-element eut-callout eut-btn-right\" style=\"\">  <div class=\"eut-callout-wrapper\">    <p class=\"eut-leader-text\">Das Erstgespr\u00e4ch ist im Falle der Mandatierung grunds\u00e4tzlich kostenlos. N\u00e4here Informationen erhalten Sie hier.<\/p>  <\/div>  <div class=\"eut-button-wrapper\"><a class=\"eut-btn eut-btn-medium eut-square eut-bg-primary-1\" href=\"http:\/\/www.gwr.co.at\/?page_id=6451\/#1457000998194-b9b0d00b-ed5f\" target=\"_self\" style=\"\"><span>Honorar Erstgespr\u00e4ch<\/span><\/a>  <\/div><\/div>[\/vc_tta_section][vc_tta_section title=&#8220;Ihre Mitwirkung bei der Vorbereitung&#8220; tab_id=&#8220;1435940385003-d190af93-dcd1&#8243;][vc_column_text]<\/p>\n<p style=\"text-align: justify;\">Je besser der Sachverhalt zu Ihrem Rechtsproblem dokumentiert ist, desto exakter die rechtliche Analyse. Abh\u00e4ngig vom betroffenen Rechtsgebiet sind zur Vorbereitung des Erstgespr\u00e4chs etwa folgende Unterlagen und Informationen hilfreich, wobei wir beim Erstkontakt in jedem Fall den individuell erforderlichen Input unserer Mandanten gemeinsam mit diesen feststellen:<\/p>\n<ol>\n<li>Korrespondenz, egal ob E-Mail, Fax oder Briefe<\/li>\n<li>Aktenvermerke oder Ged\u00e4chtnisprotokolle \u00fcber Telefonate<\/li>\n<li>Lichtbilder (insbesondere bei Schadensf\u00e4llen, Unf\u00e4llen, Gew\u00e4hrleistungsfragen)<\/li>\n<li>Angebote, Vertr\u00e4ge, Sideletter zu Vertr\u00e4gen, Rechnungen<\/li>\n<li>Unterlagen aus zusammenh\u00e4ngenden gerichtlichen oder verwaltungsbeh\u00f6rdlichen Verfahren<\/li>\n<li>Privatgutachten, Schadensaufstellungen.<\/li>\n<li>Gesellschaftsvertr\u00e4ge, Gesellschafterbeschl\u00fcsse, Syndikatsvertr\u00e4ge, Treuhandvertr\u00e4ge<\/li>\n<li>Testamente, sonstige Verf\u00fcgungen<\/li>\n<li>Firmenbuch- und Grundbuchsausz\u00fcge (diese k\u00f6nnen aber selbstverst\u00e4ndlich von uns beigestellt werden)<\/li>\n<\/ol>\n<p>[\/vc_column_text]<div class=\"eut-element eut-message eut-bg-primary-1\" style=\"\">  <i class=\"eut-icon entypo-icon entypo-icon-info-circled\"><\/i>  <p>Die anwaltliche Verschwiegenheitspflicht besteht bereits im Anbahnungsstadium des Mandatsverh\u00e4ltnisses. Unsere Mandanten k\u00f6nnen daher ruhigen Gewissen auch bereits vor Erteilung des Auftrags mit unserer vollen gesetzlich gesch\u00fctzten Diskretion rechnen!<\/p><\/div>[\/vc_tta_section][vc_tta_section title=&#8220;Erste Weichenstellungen und Mandatsvereinbarung&#8220; tab_id=&#8220;1435940425623-7fb15700-8521&#8243;][vc_column_text]<\/p>\n<p style=\"text-align: justify;\">Wir freuen uns, unsere Mandanten im Erstgespr\u00e4ch pers\u00f6nlich kennen zu lernen. Deren Zeit ist aber kostbar, weshalb das Gespr\u00e4ch bereits mit ersten konkreten Ergebnissen enden sollte. In Beratungsf\u00e4llen, zB bei Firmengr\u00fcndungen oder Umstrukturierungen, kl\u00e4ren wir bereits fr\u00fchzeitig die optimale Umsetzungsstruktur. In Vertretungsf\u00e4llen, wie zB aktiven oder passiven Gerichtsverfahren, werden nach M\u00f6glichkeit bereits die Erfolgsaussichten konkret beurteilt und die Strategie bzw die Frage der Streiteinlassung er\u00f6rtert.<\/p>\n<p>[\/vc_column_text]<div class=\"eut-element eut-message eut-bg-grey\" style=\"\">  <i class=\"eut-icon entypo-icon entypo-icon-users\"><\/i>  <p>Wir sind ausschlie\u00dflich den Interessen unserer Mandanten verpflichtet. Es mag tats\u00e4chlich vorkommen, dass aussichtslose Gerichtsverfahren auf Anraten des Rechtsfreunds gef\u00fchrt werden, weil &#8211; wie der Volksmund sagt &#8211; der Anwalt immer gewinnt. Unser Grundsatz verbietet solches Handeln im reinen Eigeninteresse. Professionelle Aufrichtigkeit hei\u00dft f\u00fcr uns, unsere Mandanten vor aussichtslosen Prozessen zu sch\u00fctzen und auch in solchen Situationen eine schnelle und optimale (sprich kosteng\u00fcnstige) L\u00f6sung zu finden.<\/p><\/div>[\/vc_tta_section][\/vc_tta_accordion][\/vc_column][\/vc_row][vc_row section_id=&#8220;auftragvollmacht&#8220; padding_top=&#8220;60&#8243; padding_bottom=&#8220;60&#8243; margin_bottom=&#8220;0&#8243;][vc_column width=&#8220;1\/3&#8243;]<div class=\"eut-element eut-image eut-align-left\" style=\"\">  <img loading=\"lazy\" decoding=\"async\" alt=\"\" src=\"https:\/\/www.gwr.co.at\/wp-content\/uploads\/2016\/05\/DSC6279.jpg\" width=\"1920\" height=\"1280\"><\/div>[\/vc_column][vc_column width=&#8220;2\/3&#8243;]<div class=\"eut-element eut-hr \" style=\"padding-top: 0px;padding-bottom: 0px;\"><div class=\"eut-line-divider\"><\/div><\/div>[vc_tta_accordion][vc_tta_section title=&#8220;Auftrag &#038; Vollmacht&#8220; tab_id=&#8220;1457537522417-0a41107a-e4ea&#8220;][vc_column_text]<\/p>\n<blockquote><p>Selbstverst\u00e4ndlich werden wir nur im Rahmen des uns erteilten Auftrags t\u00e4tig. Unsere Mandanten haben immer die volle Kontrolle \u00fcber unsere T\u00e4tigkeiten.<\/p><\/blockquote>\n<p style=\"text-align: justify;\">Bis auf F\u00e4lle von Gefahr im Verzug werden s\u00e4mtliche Schritte, sei es eine Vertretungshandlung vor Gericht oder die \u00dcbermittlung von Vertragsvorschl\u00e4gen, im Vorhinein mit unseren Mandanten er\u00f6rtert und von diesen freigegeben.<br \/>\nUm unsere Vertretungsbefugnis zu dokumentieren und erforderlichenfalls nachweisen zu k\u00f6nnen, wird von unseren Mandanten eine standardisierte anwaltliche Vollmacht unterfertigt, die sehr weit gefasst ist und damit auch zuk\u00fcnftige Auftr\u00e4ge abdeckt. Das Original der Vollmacht verbleibt bei uns. Mandanten erhalten eine Kopie.<\/p>\n<p>[\/vc_column_text][\/vc_tta_section][vc_tta_section title=&#8220;Mandatsvereinbarungen | Engagement Letter&#8220; tab_id=&#8220;1457537522415-943ea414-4391&#8243;][vc_column_text]<\/p>\n<p style=\"text-align: justify;\">Die mit unseren Mandanten getroffene Mandatsvereinbarung wird auf Wunsch in einem ausf\u00fchrlichen schriftlichen Mandatsbrief festgehalten. Darin finden sich exakte Regelungen zu folgenden Fragen:<\/p>\n<p>[\/vc_column_text]<div class=\"eut-element eut-list eut-list-pencil \" style=\"\"><ul>\n<li>Exakte Auftragsbeschreibung<\/li>\n<li>Umfang unserer Beratungs- und Vertretungsleistungen<\/li>\n<li>Honorarvereinbarung und Rechnungslegung<\/li>\n<li>Kommunikation, Ansprechpartner<\/li>\n<li>Vertraulichkeit<\/li>\n<li>Sorgfaltsma\u00dfstab, Haftung, Haftpflichtversicherung<\/li>\n<li>&#8222;Know-your-client&#8220; Angaben<\/li>\n<\/ul>\n<\/div>[\/vc_tta_section][\/vc_tta_accordion][\/vc_column][\/vc_row][vc_row section_id=&#8220;verschwiegenheit&#8220; padding_top=&#8220;60&#8243; padding_bottom=&#8220;60&#8243; margin_bottom=&#8220;0&#8243;][vc_column width=&#8220;1\/3&#8243;]<div class=\"eut-element eut-image eut-align-right\" style=\"\">  <img loading=\"lazy\" decoding=\"async\" alt=\"\" src=\"https:\/\/www.gwr.co.at\/wp-content\/uploads\/2016\/05\/DSC6290.jpg\" width=\"1920\" height=\"1280\"><\/div>[\/vc_column][vc_column width=&#8220;2\/3&#8243;]<div class=\"eut-element eut-hr \" style=\"padding-top: 0px;padding-bottom: 0px;\"><div class=\"eut-line-divider\"><\/div><\/div>[vc_tta_accordion c_icon=&#8220;chevron&#8220; active_section=&#8220;1&#8243;][vc_tta_section title=&#8220;Anwaltliche Verschwiegenheit&#8220; tab_id=&#8220;1456999314565-e2076883-9cf6&#8243;][vc_column_text]<\/p>\n<p style=\"text-align: justify;\">Als \u00f6sterreichische Rechtsanw\u00e4lte sind wir zur Verschwiegenheit \u00fcber die uns anvertrauten Angelegenheiten und die uns sonst in unserer beruflichen Eigenschaft bekanntgewordenen Tatsachen, deren Geheimhaltung im Interesse unserer Mandanten gelegen ist, verpflichtet. Diese Verschwiegenheitspflicht erstreckt sich auch auf alle \u00fcbrigen Mitarbeiter und Gehilfen in unserem Kanzleibetrieb.<\/p>\n<p>[\/vc_column_text][\/vc_tta_section][vc_tta_section title=&#8220;Gesetzliche Verankerung&#8220; tab_id=&#8220;1456999314568-89d14c45-69c2&#8243;][vc_column_text]<\/p>\n<p style=\"text-align: justify;\">Als ganz zentrale Pflicht des Rechtsanwalts, enth\u00e4lt die Rechtsanwaltsordnung in \u00a7 9 Abs 2 die anwaltliche Verschwiegenheitspflicht. Die Verschwiegenheitspflicht gilt auch im Verh\u00e4ltnis zu anderen Rechtsanw\u00e4lten und &#8211; nat\u00fcrlich &#8211; auch im Verh\u00e4ltnis zB der Ehefrau des Rechtsanwalts.<\/p>\n<blockquote><p>Rechtsanw\u00e4lte sind nicht nur gesetzlich zur Verschwiegenheit berechtigt, sondern auch dazu verpflichtet:<\/p><\/blockquote>\n<p style=\"text-align: justify;\">Im Zivilprozess wird die anwaltliche Verschwiegenheit durch das Aussageverweigerungsrecht des \u00a7 321 Z 4 Zivilprozessordnung gew\u00e4hrleistet. Der Rechtsanwalt darf (und muss) im Zeugenstand die Beantwortung einzelner oder mehrerer Fragen verweigern, wenn dadurch die Verschwiegenheit gegen\u00fcber seinen (auch fr\u00fcheren) Mandanten gef\u00e4hrdet w\u00e4re. Noch weitgehender ist der Schutz im Strafprozess. Hier sieht \u00a7 157 Abs 1 Z 2 Strafprozessordnung ein Aussageverweigerungsrecht vor. Im Abgabenverfahren findet sich eine entsprechende Bestimmung in \u00a7 171 Abs 1 lit c Bundesabgabenordnung.<\/p>\n<p>[\/vc_column_text][\/vc_tta_section][vc_tta_section title=&#8220;Vertrauliche Kommunikation&#8220; tab_id=&#8220;1456999314571-2b809e21-061e&#8220;][vc_column_text]<\/p>\n<p style=\"text-align: justify;\">Die Kommunikation zwischen Rechtsanwalt und Mandanten hat sich in den letzten Jahren massiv ver\u00e4ndert. Mittlerweile wird der ganz \u00fcberwiegende Teil der schriftlichen Kommunikation elektronisch abgewickelt. Eine absolute Vertraulichkeit des Kommunikationsinhalts ist dabei strenggenommen nur durch Verwendung starker Verschl\u00fcsselungsalgorithmen garantiert. Faktum ist, dass unverschl\u00fcsselte E-Mails grunds\u00e4tzlich nicht vor dem Zugriff Dritter gesch\u00fctzt sind, was evident im Spannungsverh\u00e4ltnis zur strengen anwaltlichen Verschwiegenheit steht.<\/p>\n<blockquote>\n<p style=\"text-align: justify;\">Die Praxis hat gezeigt, dass aufgrund der recht komplexen Verschl\u00fcsselungstechnik \u00fcber 90% unserer Mandanten mittels unverschl\u00fcsselten E-Mails kommunizieren wollen.<\/p>\n<\/blockquote>\n<p style=\"text-align: justify;\">Um in diesen F\u00e4llen ein dennoch h\u00f6chstm\u00f6gliches Ma\u00df an Vertraulichkeit zu gew\u00e4hrleisten verwenden wir keinerlei Kommunikationsdienste, die im EU-Ausland ans\u00e4ssig sind. Unser Serviceprovider hat seinen Sitz in Wien und war a<span class=\"text-standard\">ls reines Domain- und Webhosting- Unternehmen auch nicht von der zwischenzeitig aufgehobenen Regelung zur Vorratsdatenspeicherung ausgenommen.<\/span><br \/>\nF\u00fcr Mandanten, die auch im elektronischen Verkehr eine maximales Datenschutzniveau w\u00fcnschen, bieten wir selbstverst\u00e4ndlich gerne eine verschl\u00fcsselte E-Mailkommunikation an und \u00fcbermitteln auf Anfrage unseren \u00f6ffentlichen Schl\u00fcssel. Daneben bieten wir noch eine branchenspezifische L\u00f6sung an: TrustNetz ist ein System, das die einfache, sichere und nachweisbare elektronische Kommunikation zwischen Unternehmen, Rechtsanw\u00e4lten und Notaren gew\u00e4hrleistet. TrustNetz wird betrieben von der Wirtschaftkammer \u00d6sterreich (WK\u00d6), dem \u00f6sterreichischen Rechtsanwaltskammertag (\u00d6RAK) und der \u00f6sterreichischen Notariatskammer. N\u00e4here Informationen erhalten Sie <a href=\"http:\/\/www.trustnetz.at\/\" target=\"_blank\">hier<\/a>.<\/p>\n<p>[\/vc_column_text][\/vc_tta_section][\/vc_tta_accordion][\/vc_column][\/vc_row][vc_row section_id=&#8220;interessenwahrung&#8220; padding_top=&#8220;60&#8243; padding_bottom=&#8220;60&#8243; margin_bottom=&#8220;0&#8243;][vc_column width=&#8220;1\/3&#8243;]<div class=\"eut-element eut-image eut-align-left\" style=\"\">  <img loading=\"lazy\" decoding=\"async\" alt=\"\" src=\"https:\/\/www.gwr.co.at\/wp-content\/uploads\/2016\/05\/DSC0117.jpg\" width=\"1920\" height=\"1280\"><\/div>[\/vc_column][vc_column width=&#8220;2\/3&#8243;]<div class=\"eut-element eut-hr \" style=\"padding-bottom: 0px;\"><div class=\"eut-line-divider\"><\/div><\/div>[vc_tta_accordion c_icon=&#8220;chevron&#8220; active_section=&#8220;1&#8243;][vc_tta_section title=&#8220;Anwaltliche Interessenswahrungspflicht&#8220; tab_id=&#8220;1456999349068-a504fd25-af13&#8243;][vc_column_text]<\/p>\n<blockquote>\n<p style=\"text-align: justify;\">Auf Ihrer Seite: Wir ergreifen Partei f\u00fcr Sie!<\/p>\n<\/blockquote>\n<p style=\"text-align: justify;\">Als Rechtsanw\u00e4lte vertreten wir die Rechte unserer Mandanten gegen jedermann mit Eifer, Treue und Gewissenhaftigkeit. Wir bringen im Zuge der Vertretung alles, was wir nach dem Gesetz zur Vertretung unserer Mandanten f\u00fcr dienlich erachten, unumwunden vor und gebrauchen die vorhandenen Angriffs- und Verteidigungsmittel in jeder Weise, welche unserem Auftrag, unserem Gewissen und den Gesetzen nicht widersprechen.<\/p>\n<p>[\/vc_column_text][\/vc_tta_section][vc_tta_section title=&#8220;Interessenskonflikte&#8220; tab_id=&#8220;1456999349072-e100c121-f22b&#8220;][vc_column_text]<\/p>\n<blockquote><p>Strenge Einhaltung der Regelungen zur Vermeidung von Doppelvertretungen und Interessenskollisionen: Wir sind keine Diener mehrerer Herren &#8230;<\/p><\/blockquote>\n<p style=\"text-align: justify;\">Wenn derselbe Anwalt in zwei gleichzeitig anh\u00e4ngigen Rechtssachen einmal als Vertreter der einen Partei, das andere Mal als Vertreter ihres Prozessgegners, insbesondere vor dem selben Gericht, auftritt, kann durch dieses gleichzeitige Aufscheinen in der \u00d6ffentlichkeit das eine Mal f\u00fcr und das andere Mal gegen ein und dieselbe Person das Vertrauen der rechtssuchenden Bev\u00f6lkerung ersch\u00fcttert werden. Es kann \u00fcberdies zu einer Interessenkollision kommen. Ein solches Verhalten ist daher berufsrechtlich unzul\u00e4ssig.<\/p>\n<p style=\"text-align: justify;\">Noch krasser liegen F\u00e4lle, in denen der Anwalt beide Teile im n\u00e4mlichen Rechtsstreit vertritt oder ihnen auch nur einen Rat erteilt, sowie in denen ein Anwalt eine Partei vertritt oder ber\u00e4t, nachdem er die Gegenpartei in derselben oder einer damit zusammenh\u00e4ngenden Sache vertreten oder beraten hatte.<\/p>\n<p style=\"text-align: justify;\">Wir achten peinlichst auf standesrechtliche Compliance und f\u00fchren standardm\u00e4\u00dfig sorgf\u00e4ltige IT-unterst\u00fctzte Conflict Checks durch.<\/p>\n<p>[\/vc_column_text][\/vc_tta_section][vc_tta_section title=&#8220;Nachvertretung&#8220; tab_id=&#8220;1456999349075-256196b8-a496&#8243;][vc_column_text]<\/p>\n<p style=\"text-align: justify;\">Als Rechtsanw\u00e4lte sind wir grunds\u00e4tzlich berechtigt, einer Partei die Vertretung zu k\u00fcndigen. In solchen F\u00e4llen, sowie in jenem, in welchen die K\u00fcndigung von der Partei erfolgt, sind wir verpflichtet, die Partei noch weitere 14 Tage, von der Zustellung der K\u00fcndigung an gerechnet, in so weit zu vertreten als n\u00f6tig, um die Partei vor Rechtsnachteilen zu sch\u00fctzen.<\/p>\n<p>[\/vc_column_text][\/vc_tta_section][\/vc_tta_accordion][\/vc_column][\/vc_row][vc_row padding_top=&#8220;60&#8243; padding_bottom=&#8220;60&#8243; margin_bottom=&#8220;0&#8243; section_id=&#8220;informationsfluss&#8220;][vc_column width=&#8220;1\/3&#8243;]<div class=\"eut-element eut-image eut-align-left\" style=\"\">  <img loading=\"lazy\" decoding=\"async\" alt=\"\" src=\"https:\/\/www.gwr.co.at\/wp-content\/uploads\/2016\/05\/H6B2835.jpg\" width=\"1920\" height=\"1080\"><\/div>[\/vc_column][vc_column width=&#8220;2\/3&#8243;]<div class=\"eut-element eut-hr \" style=\"padding-top: 0px;padding-bottom: 0px;\"><div class=\"eut-line-divider\"><\/div><\/div>[vc_tta_accordion c_icon=&#8220;chevron&#8220; active_section=&#8220;1&#8243;][vc_tta_section title=&#8220;Anwaltliche Kommunikation in Echtzeit&#8220; tab_id=&#8220;1435940659260-69254f48-dddd&#8220;][vc_column_text]<\/p>\n<p style=\"text-align: justify;\">Wir passen unser Kommunikationsverhalten Ihren W\u00fcnschen und den Erfordernissen des Mandats an. Mehrw\u00f6chiger Wartezeiten auf anwaltliche Ausk\u00fcnfte geh\u00f6ren ebenso der Vergangenheit an, wie mangelnde Transparenz bei der laufenden Berichterstattung \u00fcber Neuigkeiten in der Mandatsabwicklung oder fehlende Konsultation vor Entscheidungen und Schriftsatzvorlagen.<\/p>\n<ul>\n<li style=\"text-align: justify;\">In komplexen und zeitkritischen Rechtsangelegenheiten &#8211; insbesondere in den Bereichen M&amp;A und Finanzierungen &#8211; erfolgt eine kompromisslose Kommunikation in Echtzeit mit absoluter Priorit\u00e4tseinr\u00e4umung.<\/li>\n<li>Bei voraussichtlich l\u00e4ngerer Bearbeitungszeit f\u00fcr Ihre Anfrage erhalten Sie umgehend eine Mitteilung \u00fcber die voraussichtliche Antwortdauer.<\/li>\n<li>In dringlichen F\u00e4llen stehen wir 24\/7 zur Verf\u00fcgung. Kurzes E-Mail mit deutlichem Dringlichkeitsvermerk gen\u00fcgt!<\/li>\n<\/ul>\n<p>[\/vc_column_text][\/vc_tta_section][vc_tta_section title=&#8220;Laufendes Berichtswesen&#8220; tab_id=&#8220;1435940660066-e85126c2-f346&#8243;][vc_column_text]<\/p>\n<blockquote>\n<p style=\"text-align: justify;\">Unsere Mandanten haben das Recht, st\u00e4ndig umfassend und zeitnah \u00fcber den Fortgang Ihrer Rechtsangelegenheiten informiert zu werden.<\/p>\n<\/blockquote>\n<p style=\"text-align: justify;\">Wir verstehen ein vollst\u00e4ndiges Berichtswesen als Auftrag und Pflicht und begn\u00fcgen uns nicht mit der blo\u00dfen Weiterleitung von Gerichtsst\u00fccken oder fragmentarischen telefonischen Berichten. Sie erhalten von uns in komprimierter Form eine Zusammenfassung der f\u00fcr Sie wesentlichen Punkte jeder &#8222;Neuigkeit&#8220; (sei es eine Gerichtsentscheidung oder ein anwaltliches Schreiben des Gegners) sowie Kopien s\u00e4mtlicher Schriftst\u00fccke zur Vervollst\u00e4ndigung Ihrer Unterlagen.<\/p>\n<p>[\/vc_column_text][\/vc_tta_section][vc_tta_section title=&#8220;Elektronischer Aktenzugang f\u00fcr Mandanten&#8220; tab_id=&#8220;1435940698372-3d7ad091-5537&#8243;][vc_column_text]<\/p>\n<p style=\"text-align: justify;\">Auf Wunsch erstellen wir f\u00fcr Sie einen <span id=\"ctl14_ctl01_labPanel\">einem speziellen gesch\u00fctzten Bereich im Internet, der es Ihnen erm\u00f6glicht, Dokumente und <\/span><span id=\"ctl14_ctl01_labPanel\">Informationen \u00fcber das Mandat abzurufen. So sind Sie tagesaktuell und automatisch informiert. Selbstverst\u00e4ndlich erhalten Sie aber auch ohne einen solchen Zugang vollst\u00e4ndige Berichte \u00fcber Ihr Mandat und Kopien aller Unterlagen. <\/span><\/p>\n<p>[\/vc_column_text][\/vc_tta_section][\/vc_tta_accordion][\/vc_column][\/vc_row][vc_row section_id=&#8220;haftung&#8220; padding_top=&#8220;60&#8243; padding_bottom=&#8220;120&#8243;][vc_column width=&#8220;1\/3&#8243;]<div class=\"eut-element eut-image eut-align-left\" style=\"\">  <img loading=\"lazy\" decoding=\"async\" alt=\"\" src=\"https:\/\/www.gwr.co.at\/wp-content\/uploads\/2016\/05\/DSC0115.jpg\" width=\"1920\" height=\"1280\"><\/div>[\/vc_column][vc_column width=&#8220;2\/3&#8243;]<div class=\"eut-element eut-hr \" style=\"\"><div class=\"eut-line-divider\"><\/div><\/div>[vc_tta_accordion c_icon=&#8220;chevron&#8220; active_section=&#8220;1&#8243;][vc_tta_section title=&#8220;Sie k\u00f6nnen uns beim Wort nehmen!&#8220; tab_id=&#8220;1435940848440-f014c018-5c5c&#8220;][vc_column_text]<\/p>\n<p style=\"text-align: justify;\">F\u00fcr Rechtsanw\u00e4lte gilt die <b>erh\u00f6hte Sorgfaltspflicht eines Sachverst\u00e4ndigen<\/b> (\u00a7 1299 ABGB). Der Sorgfaltsma\u00dfstab bestimmt sich nach typischen und demnach objektiv bestimmten F\u00e4higkeiten des speziellen Berufes. F\u00fcr uns als Rechtsanw\u00e4lte bedeutet dies, dass unsere Mandanten Anspruch auf eine Beratung und Vertretung <em>lege artis<\/em> haben. Das umfasst nach unserem Verst\u00e4ndnis nicht nur die genaue Kenntnis der jeweils einschl\u00e4gigen gesetzlichen Bestimmungen, sondern auch der aktuell(st)en Rechtsprechung, Gerichts- und Verwaltungspraxis, sowie sonstiger einschl\u00e4giger Usancen.<\/p>\n<p>[\/vc_column_text][\/vc_tta_section][vc_tta_section title=&#8220;Unser Beratungsumfang &#8211; Fragen zu ausl\u00e4ndischem Recht&#8220; tab_id=&#8220;1435940849252-272250cc-8a6c&#8220;][vc_column_text]<\/p>\n<p style=\"text-align: justify;\">Unsere Beratung und Vertretung erfolgt zu s\u00e4mtlichen Fragen des \u00f6sterreichischen Rechts (einschlie\u00dflich Europarecht, ausgenommen Steuerrecht). Falls uns soweit das Mandat dar\u00fcber hinaus Fragen ausl\u00e4ndischen Rechts, Steuerrechts oder wirtschaftlicher Betrachtungen ber\u00fchrt, greifen wir auf unser internationales Netzwerk mit externen Beratern zur\u00fcck und \u00fcbernehmen gegen\u00fcber dem Mandanten auf Wunsch die gesamte formale und inhaltliche Koordinierung.<\/p>\n<p>[\/vc_column_text][\/vc_tta_section][vc_tta_section title=&#8220;Anwaltliche Haftung und Haftpflichtversicherungsschutz&#8220; tab_id=&#8220;1435940971826-0d708b71-d440&#8243;][vc_column_text]Der Gesetzgeber schreibt f\u00fcr \u00f6sterreichische Rechtsanw\u00e4lte eine Verm\u00f6genschadenhaftpflicht-Versicherung vor.\u00a0Ein Anwalt hat seinem Mandanten f\u00fcr einen im Rahmen der \u00fcbernommenen T\u00e4tigkeit zugef\u00fcgten Schaden am Verm\u00f6genpers\u00f6nlich einzustehen. Im Hinblick auf den umfassenden Pflichtenkatalog und wegen dem strengen Haftungsrisiko hat der Gesetzgeber festgelegt, dass der Abschluss einer Haftpflichtversicherung f\u00fcr Verm\u00f6genssch\u00e4den zur unabdingbaren Berufszulassungsvoraussetzung erhoben wird.<\/p>\n<p style=\"text-align: justify;\">Unsere Haftpflichtversicherung deckt f\u00fcr jeden Versicherungsfall Sch\u00e4den bis zu EUR 400.000,- ab. Es besteht unbeschr\u00e4nkte zeitliche Nachhaftung. Auf Mandantenwunsch bzw nach Notwendigkeit des jeweiligen Mandats besteht die M\u00f6glichkeit einer H\u00f6herversicherung.<\/p>\n<p>[\/vc_column_text][\/vc_tta_section][\/vc_tta_accordion][\/vc_column][\/vc_row]<\/p>\n","protected":false},"excerpt":{"rendered":"<p>[vc_row section_id=&#8220;erstgespraech&#8220; padding_top=&#8220;60&#8243; padding_bottom=&#8220;60&#8243; margin_bottom=&#8220;0&#8243;][vc_column width=&#8220;1\/3&#8243;][\/vc_column][vc_column width=&#8220;2\/3&#8243;][vc_tta_accordion c_icon=&#8220;chevron&#8220; active_section=&#8220;1&#8243;][vc_tta_section title=&#8220;Das anwaltliche Erstgespr\u00e4ch&#8220; tab_id=&#8220;1435940384218-f027f285-d537&#8243;][vc_column_text] Im anwaltlichen Erstgespr\u00e4ch werden in den allermeisten F\u00e4llen bereits die entscheidenden Weichen f\u00fcr den Erfolg unserer Mandanten gestellt. Zurecht erwartet jeder Mandant von Beginn an: [\/vc_column_text][vc_column_text] Wir respektieren die zeitlichen und finanziellen Ressourcen unserer Mandanten und bereiten das Erstgespr\u00e4ch daher immer optimal [&hellip;]<\/p>\n","protected":false},"author":1,"featured_media":0,"parent":0,"menu_order":0,"comment_status":"closed","ping_status":"closed","template":"","meta":{"footnotes":""},"class_list":["post-6427","page","type-page","status-publish","hentry"],"_links":{"self":[{"href":"https:\/\/www.gwr.co.at\/index.php?rest_route=\/wp\/v2\/pages\/6427","targetHints":{"allow":["GET"]}}],"collection":[{"href":"https:\/\/www.gwr.co.at\/index.php?rest_route=\/wp\/v2\/pages"}],"about":[{"href":"https:\/\/www.gwr.co.at\/index.php?rest_route=\/wp\/v2\/types\/page"}],"author":[{"embeddable":true,"href":"https:\/\/www.gwr.co.at\/index.php?rest_route=\/wp\/v2\/users\/1"}],"replies":[{"embeddable":true,"href":"https:\/\/www.gwr.co.at\/index.php?rest_route=%2Fwp%2Fv2%2Fcomments&post=6427"}],"version-history":[{"count":41,"href":"https:\/\/www.gwr.co.at\/index.php?rest_route=\/wp\/v2\/pages\/6427\/revisions"}],"predecessor-version":[{"id":6865,"href":"https:\/\/www.gwr.co.at\/index.php?rest_route=\/wp\/v2\/pages\/6427\/revisions\/6865"}],"wp:attachment":[{"href":"https:\/\/www.gwr.co.at\/index.php?rest_route=%2Fwp%2Fv2%2Fmedia&parent=6427"}],"curies":[{"name":"wp","href":"https:\/\/api.w.org\/{rel}","templated":true}]}}